uppose -5*g = 24 - 9. Let j be w(g). Suppose 4 + j = b. List the prime factors of b.
13
Let n be 180/18*1/2. Suppose -n*t + 27 = 7. List the prime factors of t.
2
Let k be (0 - 6/15)*-5. Suppose -k*n + 0*n = 0. Suppose n = 5*a - 38 - 12. What are the prime factors of a?
2, 5
Let o = 1 + 5. What are the prime factors of (3/2)/(o/100)?
5
Let d = 6 + -3. Let h = d - 5. Let i(p) = -9*p - 1. What are the prime factors of i(h)?
17
Suppose 4*t = 4*o - 52, t = -3*o - 4*t + 71. Let q = o + 0. List the prime factors of q.
17
Suppose -4*r + 155 = m, -5*r - 120 = -m - 2*r. List the prime factors of m.
3, 5
Suppose -3*a + 2*a = -16. Let f = a - 6. List the prime factors of f.
2, 5
Let g = -3 + 3. Let t(w) = w + 12. List the prime factors of t(g).
2, 3
Suppose 3*k - 6*x = -5*x - 5, -4*k = 2*x - 10. Suppose 2*s = -5*w + 34 - 4, 2*s + w - 22 = k. What are the prime factors of s?
2, 5
List the prime factors of (-2 + (1 - 0))*(-29 + 11).
2, 3
Suppose 0 = -3*i - 3*i + 24. What are the prime factors of i?
2
Let c(h) = -h**3 + 10*h**2 + h - 7. Let j be c(10). Suppose 3*w = -l - j, l + 4 = -l - 5*w. List the prime factors of l.
3
Let c be -3 - (-1)/((-3)/3). Let n(x) be the third derivative of -x**6/120 - x**5/30 + 5*x**4/24 + x**3/2 + 3*x**2. What are the prime factors of n(c)?
3, 5
List the prime factors of (4 - 356/12)*-3.
7, 11
Let m = 11 + 2. Let r = 47 - 15. Let u = r - m. What are the prime factors of u?
19
Suppose t - 5 = 4. What are the prime factors of t?
3
List the prime factors of ((-15)/(-30))/(2/156).
3, 13
Let l(j) = -j**2 - j + 6. Let s be l(0). Suppose -4*d - 50 = -s*d. List the prime factors of d.
5
Let j(x) = -x**3 - 4*x**2 - x - 1. Let u be 1/(-3) + (-11)/3. Let k be j(u). What are the prime factors of 0 - k/((-6)/4)?
2
Let k(h) = h**3 - 3*h**2 + 2*h + 3. Let m be k(3). Let i = -6 + m. Suppose 0 = j + i, p + 5*j + 26 = 2*p. List the prime factors of p.
11
Let n(r) = r + 21. What are the prime factors of n(-14)?
7
Let i(o) be the second derivative of -1/2*o**2 - 2*o + 0 + 2/3*o**3. What are the prime factors of i(3)?
11
Let a(t) = 38*t**2 - 3*t - 1. List the prime factors of a(-1).
2, 5
Let y = 465 + -263. What are the prime factors of y?
2, 101
List the prime factors of ((-174)/9)/(1/(-3)).
2, 29
Let g be 3/6 + (-2)/4. Let d = -1 + g. Let f(w) = 6*w**2 - 2*w - 1. What are the prime factors of f(d)?
7
Let b be 5*(-6)/(-45)*3. List the prime factors of 720/33 - b/(-11).
2, 11
Let c = -14 + 23. Let n = c + -4. List the prime factors of n + 3 + -3 + 1.
2, 3
Suppose -t + 4*s = -36, -3*s - 20 - 67 = -2*t. What are the prime factors of t?
2, 3
Let p be (-6)/(-2) + (-2)/2. Suppose -3*q - p*q = -50. Suppose k + 5*j - 15 = 0, 2*k - 6 = 4*j + q. List the prime factors of k.
2, 5
Suppose 5*j = 3*w + 47, -j + 4*w = w - 7. Let h(i) = 2*i**2 - 16*i + 14. List the prime factors of h(j).
2, 3
Let i = -1 + 1. Suppose 9 = l + 5*z, 4*z + 8 = -i*l + 3*l. Suppose 0 = 2*x - 2*b + l, x = -4*x - b + 20. What are the prime factors of x?
3
What are the prime factors of 3/(-1)*(-70)/21?
2, 5
Suppose m = 4*q + 78, m + 0*m - q - 69 = 0. Suppose 3*c - 5*n - m = -27, -c = 2*n - 24. List the prime factors of c.
2, 3
Let d be 59/(-4) + 1/(-4). Suppose -3*k + 62 = -16. Let x = d + k. What are the prime factors of x?
11
Suppose 3*b + 226 = 775. What are the prime factors of b?
3, 61
Let s be 12/8*(-4)/(-2). Suppose k = -2*v + 24, -k + s*v + 34 = -0*v. List the prime factors of k.
2, 7
Suppose -3*u - 32 = -u - m, 0 = -u - 4*m - 34. List the prime factors of u*(1 + 0 - 2).
2, 3
Let d be 12/(-42) + 170/7. Suppose 2*m - 16 = 2*f + 32, 4*f - d = -m. List the prime factors of m.
2, 3
Let t = -15 + 6. Let q = t - -17. List the prime factors of q.
2
What are the prime factors of (-6)/(-5)*(-300)/(-18)?
2, 5
Let n(z) be the third derivative of z**6/120 + z**5/60 - z**4/24 + z**3/2 + z**2. What are the prime factors of n(0)?
3
Let r be ((-12)/(-3))/(4/(-14)). Let m = r + 6. Let x = 15 + m. What are the prime factors of x?
7
Let u be 60/14 - 12/42. What are the prime factors of u*1/(-4)*-18?
2, 3
Suppose 12 = -2*o - 3*k, 5*k + 20 = -0*o - o. Suppose -2*u + 116 - 44 = o. What are the prime factors of u?
2, 3
Suppose 2*t - 24 = -t. Suppose -5*w = -w + f + 3, -2*f + t = w. List the prime factors of 0 + (w*3)/(-2).
3
Let d be (-94)/(-6) - (-1)/3. Let x be (d/12)/(6/225). Suppose -2*g + 6*g + 2*a - 48 = 0, 5*g = -5*a + x. What are the prime factors of g?
2, 7
Suppose -9 = -v + 2*v + w, 3*v = w - 23. What are the prime factors of (-2 - v)*4/3?
2
Let i(v) = -1 - 2*v**2 + v**3 + 5*v**2 - 6*v**2. List the prime factors of i(4).
3, 5
Let u = -146 - -237. Suppose 0 = -5*o + t - u, 0*t + 53 = -3*o - t. Let j = -12 - o. List the prime factors of j.
2, 3
Let d(g) = -3*g - 10. List the prime factors of d(-10).
2, 5
Let x(a) = -2*a**2 - 2*a. Let g(z) = z**2 + 3*z. Let w(c) = -3*g(c) - 4*x(c). Let y be w(-1). What are the prime factors of (-4)/y - (-96)/9?
2, 5
Suppose -5*b + 375 = 4*l, -6*l + 385 = -2*l - 5*b. List the prime factors of l.
5, 19
Let d = -8 + 13. Suppose 0 = d*b + 2*z - 296, -4*b = -5*z - 318 + 68. Suppose b = -3*m + 8*m. What are the prime factors of m?
2, 3
Suppose -3*i = 2 - 17. Let l(v) = 2*v + 1. List the prime factors of l(i).
11
Suppose 0*n + 5*n - 2*d = -29, -5*n = d + 38. Let x(s) = s**3 + 8*s**2 + 5*s - 10. What are the prime factors of x(n)?
2
Let p(i) = -i**2 - i + 10. Let r = 0 + 0. Let j be p(r). Suppose 5*s + j = 0, -4*s = -c - 2*c + 32. What are the prime factors of c?
2
Let p = 38 + -56. List the prime factors of (27/p)/((-2)/4).
3
Let n be (-3 + 11/1)/(-1). Let k be ((-18)/6)/(6/n). List the prime factors of k + 1 + 1 + 0.
2, 3
What are the prime factors of (-1)/2 + 840/16?
2, 13
Let m = -1 + 4. Suppose 0 = -m*y - y. Suppose o - 1 = y, 2*c = 2*o + 2 + 6. What are the prime factors of c?
5
List the prime factors of (-4)/2 + (36 - -5).
3, 13
Let t = 23 - 18. What are the prime factors of t?
5
Let a(c) = c**3 - 17*c**2 - 25*c - 17. List the prime factors of a(19).
2, 5, 23
Let w(s) be the first derivative of -s**4/4 - s**3/3 - 5*s**2/2 - 4*s - 5. What are the prime factors of w(-3)?
29
Let m(i) = 1 - 2 - i - 5. List the prime factors of m(-10).
2
Let a(g) = 10*g**2 + g. Let z be a(-1). Let s = z - 7. List the prime factors of s.
2
Let q = 35 + -5. What are the prime factors of q?
2, 3, 5
Suppose -2*h - 10 = -4*c, -6*c + 2 = -4*c. Let g be (3/9)/(h/(-18)). Suppose 0 = -5*s + 3*l + 10, g*l + 4 = 14. List the prime factors of s.
5
Let g(n) = -n + 11. Suppose 2*k + 13 = 3*a, 2*k = -4*a - 0*k + 8. Suppose -4*t + 35 = 4*l - 9, -a*t + 5*l = 7. What are the prime factors of g(t)?
5
Let u be 2/8 + (-142)/(-8). Suppose 2*f + f = 3*t - u, 3*t + 5*f = 58. Suppose 2*q + 10 = 2*s, s - t = -q - 2. What are the prime factors of s?
7
Let y be 5/((-20)/28) - -1. Let w be 2 - -2*(-2)/(-4). List the prime factors of w/y*-22*1.
11
Suppose o = m - 5, -3*o = -3*m + o + 18. Suppose 0 = -4*q - p + 5, -4*p = 4*q + q + m. Let w = 14 - q. List the prime factors of w.
2, 3
Suppose 3*y + 2*y = -20, -2*y - 52 = -4*f. Suppose -36 = -5*x - 3*b, 0 = -x - x + 2*b + 8. List the prime factors of (-3)/x + f/2.
5
Suppose -7*o + 178 = -452. What are the prime factors of o?
2, 3, 5
Let o(u) = -170*u - 1. List the prime factors of o(-1).
13
Suppose 3*c + 99 = -5*m - 0*m, -c = -5*m - 87. What are the prime factors of m/(((-21)/6)/7)?
2, 3
Suppose 4*k - 172 = 3*a, 0*k - 4*k + 4*a = -176. List the prime factors of k.
2, 5
Suppose g - 432 = -3*j, 5*j = -5*g + 446 + 284. What are the prime factors of j?
11, 13
Let f = 3 + 1. Suppose -f*o = -5*a - 85, -3*o + 47 = -o - a. What are the prime factors of o?
5
Let j be 16/24 - 10/(-3). List the prime factors of 30/j - (-4)/8.
2
Suppose -5*x + 2*x + 14 = 2*s, -8 = -x + s. What are the prime factors of (-4)/x - 38/(-3)?
2, 3
Suppose 3*j = 3*m - 0*j - 60, -4*m + j = -65. Suppose -4*k - k + m = 0. What are the prime factors of k?
3
Let f(x) = -4*x**3 + 4*x**2 - 2*x - 6. Let q(n) = -n + 3*n**3 + 4*n - 2*n + 4 - 3*n**2. Let v(z) = -5*f(z) - 7*q(z). What are the prime factors of v(-2)?
2
Let p = -91 + 64. Let z = -14 - p. What are the prime factors of z?
13
Let t be 438/14 + (-4)/14. Let b = t + -17. What are the prime factors of b?
2, 7
Let p(d) = -3*d + 0*d + d**2 - 3 + 0*d + d. 